8?
False
Is 14644 a multiple of 17?
False
Is 501 a factor of 82942?
False
Does 1693 divide 31391606?
True
Is 299718 a multiple of 270?
False
Is 591645 a multiple of 4?
False
Does 22 divide 7297906?
True
Is 11 a factor of 219837?
False
Is 360675 a multiple of 75?
True
Does 58 divide 582509?
False
Is 16 a factor of 602768?
True
Is 6 a factor of 336419?
False
Is 26 a factor of 352352?
True
Is 186116 a multiple of 119?
True
Is 18 a factor of 272907?
False
Is 490 a factor of 3107580?
True
Does 3 divide 4169222?
False
Does 238 divide 19475778?
True
Is 67628 a multiple of 53?
True
Is 2 a factor of 114888?
True
Does 107 divide 786137?
False
Does 28 divide 78848?
True
Does 20 divide 26497920?
True
Does 267 divide 205056?
True
Is 328 a factor of 4890250?
False
Does 14 divide 711928?
True
Is 252972 a multiple of 103?
False
Does 1486 divide 31839036?
True
Does 2 divide 2037239?
False
Does 249 divide 1681159?
False
Is 122304 a multiple of 546?
True
Is 38288 a multiple of 44?
False
Is 291863 a multiple of 13?
True
Is 2421 a multiple of 269?
True
Does 133 divide 4638329?
False
Does 35 divide 5019595?
True
Is 90126 a multiple of 6?
True
Does 101 divide 4233920?
True
Is 5252445 a multiple of 891?
True
Does 37 divide 35506?
False
Is 1891448 a multiple of 73?
False
Is 262900 a multiple of 110?
True
Is 1107410 a multiple of 135?
False
Does 65 divide 152880?
True
Is 2 a factor of 55632?
True
Is 4598778 a multiple of 918?
False
Is 16651097 a multiple of 1348?
False
Is 1646764 a multiple of 15?
False
Is 412 a factor of 882458?
False
Does 41 divide 563217?
True
Does 74 divide 5556142?
True
Does 170 divide 57198?
False
Is 4955742 a multiple of 99?
True
Is 1298898 a multiple of 144?
False
Is 7645 a multiple of 22?
False
Does 56 divide 10045?
False
Does 537 divide 7542165?
True
Is 1885269 a multiple of 166?
False
Is 63 a factor of 25762?
False
Does 8 divide 776392?
True
Does 45 divide 377637?
False
Does 17 divide 9401?
True
Is 12 a factor of 29976?
True
Is 2699789 a multiple of 175?
False
Does 596 divide 3139941?
False
Does 262 divide 15039418?
False
Is 6 a factor of 18672?
True
Does 33 divide 14489772?
True
Does 98 divide 39250?
False
Is 4 a factor of 3605539?
False
Does 88 divide 6896560?
True
Does 96 divide 5262?
False
Is 27 a factor of 55350?
True
Is 100 a factor of 140300?
True
Is 63 a factor of 280436?
False
Is 1744041 a multiple of 681?
True
Is 98790 a multiple of 178?
True
Is 505 a factor of 1747189?
False
Is 255672 a multiple of 12?
True
Is 8260 a multiple of 179?
False
Is 285181 a multiple of 7?
False
Does 1275 divide 8048575?
False
Is 27234 a multiple of 12?
False
Is 5587532 a multiple of 216?
False
Is 103 a factor of 42595?
False
Is 202635 a multiple of 171?
True
Does 91 divide 206338?
False
Does 144 divide 540433?
False
Does 611 divide 259064?
True
Does 41 divide 41984?
True
Is 220029 a multiple of 14?
False
Is 65 a factor of 179855?
True
Is 20684177 a multiple of 9?
False
Is 4662910 a multiple of 36?
False
Is 33 a factor of 56297?
False
Is 1269131 a multiple of 516?
False
Is 1014221 a multiple of 18?
False
Is 69 a factor of 7009986?
True
Is 105 a factor of 2594094?
False
Is 396 a factor of 1858495?
False
Does 9 divide 1379077?
False
Does 235 divide 82955?
True
Does 6 divide 166380?
True
Does 5 divide 692154?
False
Is 169 a factor of 369832?
False
Is 12 a factor of 359688?
True
Is 17 a factor of 220163?
False
Is 50 a factor of 149342?
False
Does 540 divide 6118200?
True
Is 45 a factor of 2475909?
False
Is 2439840 a multiple of 30?
True
Is 335 a factor of 420543?
False
Is 100490 a multiple of 24?
False
Is 289 a factor of 479162?
True
Is 17 a factor of 1720720?
False
Is 249637 a multiple of 130?
False
Is 4758032 a multiple of 142?
False
Does 98 divide 503931?
False
Does 113 divide 640031?
False
Does 1246 divide 11594030?
True
Is 1750456 a multiple of 789?
False
Is 3521942 a multiple of 109?
False
Is 1330665 a multiple of 95?
True
Is 23464 a multiple of 4?
True
Is 693 a factor of 876552?
False
Is 286 a factor of 187616?
True
Is 223 a factor of 319336?
True
Is 56064 a multiple of 48?
True
Is 22 a factor of 70796?
True
Is 270 a factor of 4311630?
True
Is 12 a factor of 6506052?
True
Does 79 divide 2137582?
True
Is 105906 a multiple of 57?
True
Is 11 a factor of 2190602?
False
Is 4 a factor of 352324?
True
Does 53 divide 8180430?
False
Does 153 divide 2744667?
True
Is 282256 a multiple of 368?
True
Is 158319 a multiple of 49?
True
Does 71 divide 372111?
True
Is 511 a factor of 624914?
False
Does 89 divide 1453531?
False
Is 468125 a multiple of 749?
True
Is 547833 a multiple of 11?
True
Is 63 a factor of 36959011?
False
Is 4276443 a multiple of 55?
False
Is 65037 a multiple of 145?
False
Is 74380 a multiple of 84?
False
Is 110026 a multiple of 203?
True
Is 23 a factor of 766383?
True
Is 453 a factor of 3884268?
False
Does 6 divide 30650?
False
Is 81 a factor of 317439?
True
Is 11796321 a multiple of 16?
False
Does 423 divide 290601?
True
Does 39 divide 7917?
True
Is 10 a factor of 87592?
False
Is 3128160 a multiple of 10?
True
Is 1953 a factor of 12424986?
True
Is 739 a factor of 26937598?
False
Does 14 divide 374495?
False
Is 3 a factor of 15329?
False
Is 223280 a multiple of 80?
True
Is 8147160 a multiple of 14?
True
Does 13 divide 329212?
True
Is 523980 a multiple of 355?
True
Is 2392848 a multiple of 268?
False
Is 7 a factor of 442736?
True
Is 528 a factor of 1710720?
True
Does 1147 divide 2638100?
True
Is 234 a factor of 548028?
True
Does 80 divide 107279?
False
Is 3 a factor of 931230?
True
Is 125811 a multiple of 83?
False
Is 86 a factor of 1562968?
False
Is 518 a factor of 314426?
True
Does 199 divide 4062983?
True
Does 270 divide 256415?
False
Is 455759 a multiple of 102?
False
Does 136 divide 1690072?
True
Is 173202 a multiple of 13?
False
Is 4971993 a multiple of 369?
False
Is 4152988 a multiple of 4?
True
Is 831 a factor of 240132?
False
Is 74685 a multiple of 13?
True
Does 4 divide 107191?
False
Does 818 divide 1877310?
True
Is 15 a factor of 584985?
True
Is 8976796 a multiple of 1463?
False
Is 68922 a multiple of 15?
False
Is 4318422 a multiple of 699?
True
Does 36 divide 718579?
False
Is 390060 a multiple of 156?
False
Is 365485 a multiple of 170?
False
Is 1209028 a multiple of 582?
False
Is 1761117 a multiple of 39?
False
Is 106 a factor of 3857022?
True
Is 199 a factor of 1103123?
False
Is 43 a factor of 1446950?
True
Is 246 a factor of 402602?
False
Is 22 a factor of 201586?
True
Is 173375 a multiple of 25?
True
Does 489 divide 825432?
True
Is 90 a factor of 1869390?
True
Is 126025 a multiple of 4?
False
Does 145 divide 7168780?
False
Is 306 a factor of 394448?
False
Does 15 divide 230523?
False
Is 811 a factor of 151657?
True
Does 71 divide 592211?
True
Is 179 a factor of 81696?
False
Is 312 a factor of 5815960?
False
Does 27 divide 69367?
False
Is 19 a factor of 194631?
False
Is 2918305 a multiple of 712?
False
Does 2129 divide 7158073?
False
Is 67 a factor of 17591453?
True
Is 1044824 a multiple of 124?
True
Is 7 a factor of 4454107?
True
Is 5 a factor of 119578?
False
Does 63 divide 776167?
False
Is 57 a factor of 452410?
False
Is 59 a factor of 255057?
True
Does 11 divide 70197?
False
Does 266 divide 1517461?
False
Is 619175 a multiple of 637?
False
Is 1578496 a multiple of 38?
False
Is 2961 a multiple of 9?
True
Is 4535207 a multiple of 197?
False
Is 12 a factor of 1703324?
False
Is 33790 a multiple of 62?
True
Is 25 a factor of 12856175?
True
Is 504 a factor of 225717?
False
Is 887720 a multiple of 213?
False
Is 144653 a multiple of 15?
False
Does 239 divide 102152?
False
Does 193 divide 800891?
False
Is 438 a factor of 11698980?
True
Is 591891 a multiple of 16?
False
Is 705 a factor of 646624?
False
Is 260 a factor of 126600?
False
Does 5 divide 4998577?
False
Is 97 a factor of 213679?
False
Is 227246 a multiple of 123?
False
Is 6 a factor of 6992773?
False
Is 61947 a multiple of 23?
False
Is 23 a factor of 20700?
True
Is 294 a factor of 177870?
True
Is 513663 a multiple of 2?
False
Is 29 a factor of 1099218?
False
Is 54 a factor of 141102?
True
Is 13 a factor of 15835?
False
Is 35 a factor of 407190?
True
Is 2962778 a multiple of 13?
True
Is 15 a factor of 89130?
True
Is 56151 a multiple of 2?
False
Is 190 a factor of 73799?
False
I